late the greatest common divisor of 58 and 9019.
29
What is the highest common factor of 248384 and 512?
64
What is the highest common factor of 247962 and 1914?
66
What is the highest common factor of 64519 and 2821?
91
Calculate the greatest common divisor of 1875 and 22425.
75
What is the highest common factor of 357 and 156723?
357
What is the greatest common divisor of 108038 and 224?
14
Calculate the greatest common divisor of 200 and 34350.
50
Calculate the highest common divisor of 1131 and 10491.
39
Calculate the highest common divisor of 235 and 1380061.
47
Calculate the greatest common factor of 18 and 15126.
6
Calculate the greatest common divisor of 19 and 85291.
19
What is the highest common factor of 56310 and 270?
30
What is the greatest common divisor of 2489 and 70871?
131
Calculate the greatest common divisor of 42568 and 29988.
68
What is the highest common divisor of 13 and 3634501?
13
Calculate the highest common divisor of 17 and 24599.
17
What is the greatest common factor of 34556 and 106?
106
What is the highest common factor of 87986 and 233044?
2378
What is the greatest common factor of 120711 and 12?
3
Calculate the greatest common factor of 5 and 668665.
5
What is the greatest common factor of 5523 and 25851?
21
What is the highest common divisor of 60652 and 177?
59
Calculate the greatest common factor of 40484 and 1745.
349
What is the highest common factor of 1494784 and 32?
32
What is the highest common divisor of 500863 and 22?
11
Calculate the highest common divisor of 5172 and 1896.
12
Calculate the greatest common divisor of 266290 and 310.
310
Calculate the greatest common factor of 164197 and 133584.
2783
Calculate the greatest common divisor of 264 and 66704.
88
What is the highest common divisor of 11844 and 9828?
252
What is the greatest common divisor of 2562 and 20937?
21
What is the highest common divisor of 56109 and 18069?
951
What is the highest common factor of 130 and 3276?
26
Calculate the greatest common factor of 779 and 76424.
41
Calculate the greatest common divisor of 99 and 13698.
9
Calculate the greatest common divisor of 1271019 and 1293.
1293
Calculate the highest common divisor of 2764 and 388.
4
Calculate the highest common divisor of 371767 and 22.
11
Calculate the highest common divisor of 45632 and 1736.
248
Calculate the greatest common factor of 428 and 133964.
428
Calculate the greatest common divisor of 10 and 160.
10
What is the greatest common factor of 81010 and 40?
10
What is the highest common factor of 526 and 10412696?
526
Calculate the highest common factor of 8606 and 47002.
662
Calculate the highest common factor of 461934 and 330.
66
What is the greatest common divisor of 1557 and 37242?
9
Calculate the greatest common factor of 16 and 284804.
4
What is the greatest common factor of 696241 and 1911?
637
Calculate the highest common divisor of 18 and 338.
2
What is the highest common divisor of 163103 and 844?
211
What is the highest common factor of 365 and 380?
5
What is the highest common divisor of 200 and 108520?
40
Calculate the highest common divisor of 5434 and 6.
2
Calculate the highest common divisor of 13 and 43745.
13
Calculate the greatest common factor of 887 and 570341.
887
Calculate the greatest common factor of 26405 and 15.
5
Calculate the greatest common factor of 203 and 136213.
203
What is the greatest common divisor of 371 and 175?
7
What is the greatest common divisor of 1400 and 15700?
100
Calculate the greatest common factor of 442 and 5616.
26
What is the highest common factor of 108 and 9369?
27
Calculate the highest common divisor of 4040497 and 177.
59
Calculate the greatest common factor of 11349 and 68328.
117
What is the highest common divisor of 92868 and 213?
213
Calculate the highest common factor of 1356 and 760377.
339
Calculate the greatest common factor of 3 and 6015.
3
What is the highest common divisor of 200 and 211850?
50
What is the highest common divisor of 43831 and 35561?
827
Calculate the greatest common factor of 6641 and 319.
29
Calculate the greatest common divisor of 3300037 and 8827.
1261
What is the highest common divisor of 11 and 2115773?
11
What is the greatest common factor of 511252 and 152?
76
What is the highest common factor of 686 and 5194?
98
Calculate the highest common factor of 349510 and 210.
70
What is the highest common divisor of 1130818 and 2418?
806
What is the highest common factor of 598 and 26442?
26
What is the greatest common divisor of 865 and 1295?
5
What is the highest common factor of 2312 and 11288?
136
What is the greatest common divisor of 230 and 6854?
46
Calculate the greatest common divisor of 260754 and 30.
6
What is the greatest common divisor of 28044 and 1620?
36
What is the highest common factor of 1452 and 6383355?
363
What is the highest common factor of 34 and 527850?
34
What is the greatest common divisor of 202840 and 440?
440
Calculate the highest common factor of 238825 and 2330.
1165
Calculate the highest common divisor of 1960 and 255480.
40
What is the highest common factor of 2279 and 1325?
53
Calculate the highest common divisor of 10290 and 10780.
490
What is the highest common divisor of 107140 and 440?
220
What is the greatest common factor of 67590 and 90?
90
What is the greatest common divisor of 249237 and 2592?
81
What is the highest common divisor of 675 and 99000?
225
Calculate the highest common divisor of 36 and 3114954.
18
Calculate the greatest common factor of 24 and 266172.
12
Calculate the greatest common factor of 3262 and 301.
7
What is the greatest common factor of 67821 and 26?
13
Calculate the greatest common factor of 99 and 149859.
9
What is the highest common divisor of 72 and 13698?
18
Calculate the greatest common factor of 39 and 11167.
13
What is the highest common factor of 570 and 355?
5
Calculate the greatest common divisor of 3218724 and 27.
27
What is the highest common factor of 304774 and 388?
194
Calculate the greatest common divisor of 7280 and 1400.
280
What is the greatest common factor of 10150 and 1018625?
725
Calculate the greatest common divisor of 279 and 3699.
9
What is the highest common divisor of 604452 and 18?
6
Calculate the highest common factor of 107759 and 1379.
197
What is the highest common factor of 2733 and 483?
3
Calculate the highest common divisor of 10138493 and 997.
997
What is the highest common factor of 25 and 2309425?
25
Calculate the greatest common divisor of 28410 and 1860.
30
What is the highest common factor of 14532 and 4116?
84
What is the highest common factor of 26264 and 533253?
469
What is the greatest common divisor of 11780 and 1216?
76
What is the greatest common factor of 274 and 686507?
137
What is the highest common factor of 10218 and 117?
39
Calculate the greatest common divisor of 10720 and 5.
5
What is the greatest common factor of 68 and 118660?
68
Calculate the greatest common factor of 10526 and 38.
38
Calculate the highest common divisor of 225 and 1975.
25
Calculate the highest common factor of 2747 and 13333.
67
Calculate the greatest common factor of 143557 and 356.
89
What is the highest common factor of 44570 and 10?
10
Calculate the greatest common divisor of 27387 and 765.
153
What is the highest common divisor of 2129031 and 27?
27
Calculate the greatest common divisor of 490080 and 45.
15
What is the highest common divisor of 560 and 98336?
112
Calculate the greatest common divisor of 8 and 4608.
8
What is the highest common divisor of 37 and 1806673?
37
What is the greatest common divisor of 4250 and 13583?
17
Calculate the highest common factor of 205 and 26920.
5
Calculate the greatest common factor of 61 and 2064789.
61
Calculate the greatest common factor of 1827 and 9303.
21
What is the greatest common factor of 163008 and 6336?
576
What is the highest common divisor of 35016 and 60?
12
Calculate the greatest common divisor of 480 and 600.
120
Calculate the highest common factor of 2070 and 3810180.
690
Calculate the greatest common divisor of 40672 and 115661.
1271
Calculate the highest common divisor of 558 and 2754.
18
Calculate the greatest common divisor of 78600 and 90.
30
Calculate the highest common divisor of 2048 and 73472.
256
Calculate the 